t is -6023 (base 9) in base 2?
-1000100101011
176847 (base 9) to base 8
326731
Convert -24040141 (base 6) to base 14.
-157d5b
-1411104241 (base 6) to base 9
-35210877
-75378 (base 9) to base 14
-14274
Convert -7b1116 (base 12) to base 8.
-7413142
Convert -c61bd2 (base 14) to base 3.
-110120212020002
Convert -75231 (base 14) to base 9.
-471258
Convert 11071443 (base 10) to base 6.
1033144403
What is -7d806 (base 14) in base 11?
-19a026
What is 1001011210 (base 3) in base 10?
20541
1001010102 (base 3) to base 7
113531
-100000101111110101 (base 2) to base 5
-13243013
What is 1111212212 (base 3) in base 8?
72154
What is -10021121101 (base 3) in base 16?
-fc52
What is 169155 (base 11) in base 3?
111021002210
Convert -667a89 (base 12) to base 10.
-1631049
Convert -160525 (base 9) to base 15.
-1e448
1212100022210 (base 3) to base 4
3301323210
-6eea5 (base 15) to base 12
-151055
What is 11111220101 (base 3) in base 16?
15b23
-2234300241 (base 5) to base 7
-60306150
Convert -87cd21 (base 14) to base 10.
-4607009
Convert 24213242 (base 5) to base 12.
aa9b4
Convert 12346611 (base 7) to base 13.
303462
Convert c33d (base 16) to base 4.
30030331
150361 (base 9) to base 15
1c487
Convert -5109cd (base 14) to base 12.
-ab7689
What is 140313 (base 12) in base 4?
1101012333
-466344 (base 9) to base 6
-10001151
-24234240 (base 6) to base 9
-1387876
What is 5322 (base 13) in base 12?
6800
40501531 (base 7) to base 6
200230401
What is -64126b (base 15) in base 5?
-2204401201
Convert -44c08 (base 13) to base 5.
-13000233
Convert 9810 (base 15) to base 10.
32190
Convert 54313503 (base 6) to base 11.
a00a36
-86be01 (base 15) to base 9
-13063221
-2231a0 (base 13) to base 11
-501011
Convert 115baa (base 14) to base 12.
2468b6
What is 170a611 (base 14) in base 4?
223030120313
498390 (base 10) to base 4
1321223112
Convert -17001 (base 9) to base 10.
-11665
15831430 (base 9) to base 7
124301145
What is 1f4dbe (base 16) in base 13?
56aa21
Convert -61884 (base 10) to base 14.
-187a4
What is 45424 (base 6) in base 5?
201144
Convert -918539 (base 10) to base 14.
-19ca5d
Convert 134202250 (base 6) to base 2.
1010011000100101010110
Convert -3896c0 (base 14) to base 11.
-110a765
Convert -a4058 (base 12) to base 13.
-76739
What is -100100010101110111111 (base 2) in base 4?
-10202232333
5a620 (base 13) to base 12
7bb5b
Convert 327782 (base 11) to base 12.
212595
Convert 162273 (base 9) to base 7.
564561
-493870 (base 11) to base 6
-24423443
What is -1143153 (base 6) in base 2?
-1110101110101101
-134511241 (base 6) to base 4
-22132202221
What is -156978 (base 12) in base 6?
-11450232
-665686 (base 9) to base 6
-12305553
Convert -1d03a1 (base 14) to base 7.
-11552061
Convert 427763 (base 8) to base 12.
6ab57
Convert 33227521 (base 8) to base 4.
123102331101
What is -121212201122201 (base 3) in base 13?
-1b20b63
What is 16509669 (base 10) in base 11?
9356a60
What is -1066a3 (base 13) in base 3?
-201120222022
Convert -24a882 (base 14) to base 15.
-19cd09
10001101100011100010 (base 2) to base 15
b6be0
What is 102101012220 (base 3) in base 9?
371186
What is -6320440 (base 9) in base 11?
-19a8999
Convert -1898565 (base 11) to base 8.
-14157766
What is -531b4 (base 13) in base 4?
-210203100
350574 (base 8) to base 16
1d17c
-125ab0 (base 14) to base 4
-2121323122
Convert -b5321d (base 16) to base 15.
-1098715
430032442 (base 5) to base 3
10101101221011
680b91 (base 14) to base 6
203444535
What is 11152304 (base 7) in base 14?
1b3b3b
-16011403 (base 7) to base 10
-1532380
65887 (base 10) to base 4
100011133
Convert 23883 (base 9) to base 12.
9340
Convert -2a342 (base 12) to base 4.
-32131202
-61016362 (base 7) to base 4
-103110032011
-123031213 (base 4) to base 2
-11011001101100111
-1222201112 (base 3) to base 8
-114374
Convert e26a86 (base 15) to base 13.
22c74a5
Convert 315125 (base 7) to base 12.
27725
What is -440a8 (base 11) in base 2?
-1111101000000110
Convert -d01ab4 (base 14) to base 6.
-405543314
Convert -8c366 (base 13) to base 9.
-428355
Convert -10011000101111100101100 (base 2) to base 13.
-10631c9
-4330615 (base 7) to base 6
-15154514
Convert 1101012220201 (base 3) to base 9.
1335821
12521445 (base 8) to base 9
5228022
-223031132210 (base 4) to base 2
-101011001101011110100100
-1020300010 (base 4) to base 6
-10215324
-1ee36 (base 16) to base 15
-27748
What is 227895 (base 10) in base 9?
376546
-125313 (base 6) to base 10
-11565
-7692236 (base 10) to base 9
-15423678
Convert 10001010100000 (base 3) to base 12.
65b530
Convert 739617 (base 16) to base 10.
7575063
Convert -3321254 (base 7) to base 6.
-12431522
What is 6864b (base 12) in base 14?
38a03
Convert -21410322 (base 5) to base 13.
-66326
1436021 (base 7) to base 10
194153
What is -2ccc4 (base 14) in base 4?
-123122130
-1220121022220 (base 3) to base 13
-297438
What is 4a2041 (base 13) in base 4?
12301121331
Convert -11110000000001011 (base 2) to base 9.
-206515
Convert 231024411 (base 6) to base 8.
20153327
Convert -535396 (base 11) to base 15.
-11dabb
-40221402 (base 6) to base 7
-12450341
What is -100211021 (base 3) in base 2?
-1101111111010
What is -9b33a (base 14) in base 13?
-10252a
What is 300103123 (base 4) in base 11?
125715
What is 513251 (base 8) in base 9?
277630
210401510 (base 6) to base 5
1414430144
What is -b7461 (base 12) in base 5?
-30201331
Convert -1101100010001010 (base 2) to base 8.
-154212
What is 1112221101022 (base 3) in base 4?
3021202202
What is 1061352 (base 7) in base 5?
13220312
What is -1101111111110100 (base 2) in base 15?
-11ec2
Convert -201244033 (base 6) to base 8.
-15046265
-4c24b9 (base 13) to base 8
-6774246
1674050 (base 8) to base 15
9a092
What is -949c (base 13) in base 8?
-50142
Convert 34a6b8 (base 13) to base 14.
247dd8
What is -ef90 (base 16) in base 15?
-13288
Convert -240797 (base 13) to base 6.
-30220505
Convert 68a9c (base 14) to base 2.
111110001001010010
Convert -13034212 (base 5) to base 11.
-87818
What is 321222010 (base 5) in base 14?
272761
What is 720a (base 15) in base 4?
11320111
Convert 940a4 (base 11) to base 16.
217f7
-b3ed10 (base 15) to base 5
-4142231230
Convert 167216 (base 8) to base 7.
343022
1325340 (base 6) to base 3
10202012220
-785506 (base 13) to base 16
-2b534f
-157574 (base 8) to base 16
-df7c
2310210231 (base 4) to base 5
142132004
1495881 (base 11) to base 8
11576556
What is 1075f37 (base 16) in base 14?
24142d9
Convert -137508 (base 10) to base 3.
-20222121220
What is -28bcb2 (base 14) in base 7?
-15014212
-52a180 (base 13) to base 10
-1935830
10032033123 (base 4) to base 8
4161733
What is -11777 (base 14) in base 8?
-123215
1013120331 (base 4) to base 15
5b993
What is 3664667 (base 8) in base 16?
f69b7
Convert 14403423 (base 6) to base 16.
79b27
-39b97a (base 12) to base 5
-221003033
-1041947 (base 12) to base 9
-5702001
What is -13323124 (base 5) in base 12?
-66887
1100101101001110101 (base 2) to base 11
264911
-112001111111 (base 3) to base 4
-1003202233
What is 6276b8 (base 15) in base 12?
1699a48
-7a12 (base 16) to base 10
-31250
Convert -1000111100100001 (base 2) to base 9.
-55232
Convert 3054402 (base 9) to base 8.
6160242
What is 370356 (base 9) in base 7?
1620135
What is -131011121033 (base 4) in base 7?
-121543124
Convert 30414214 (base 6) to base 7.
10264432
5656656 (base 7) to base 10
703485
What is -1667a (base 13) in base 10?
-42858
What is 2134356 (base 8) in base 3?
1002001010111
341766 (base 8) to base 14
30246
What is -1001202120101 (base 3) in base 15?
-b2b14
-1122200221220 (base 3) to base 14
-18c921
27039 (base 12) to base 8
150555
-3343212 (base 7) to base 6
-12513100
What is -69eec (base 15) in base 3?
-122010221220
-100220220200 (base 3) to base 9
-326820
Convert 1010010000001110100 (base 2) to base 9.
561800
113212302 (base 5) to base 11
327898
Convert 4631650 (base 7) to base 5.
122014223
Convert 10110121112220 (base 3) to base 15.
265e40
7679 (base 12) to base 16
32fd
Convert 17aa242 (base 11) to base 2.
1011101010110011101110
What is 111010001100 (base 2) in base 4?
322030
What is deb67 (base 16) in base 7?
10516365
Convert -356070 (base 8) to base 3.
-20012020021
What is 4d99c6 (base 14) in base 5?
1141133323
What is 40041 (base 11) in base 2?
1110010011110001
-4a0292 (base 14) to base 7
-30361342
Convert e2c1 (bas